composite number?
True
Is 10874077 prime?
True
Is 40325369 a composite number?
True
Is 6747989 composite?
False
Is 78052241 prime?
True
Is 936647 a composite number?
False
Is 95980037 a prime number?
True
Is 12248917 a composite number?
False
Is 382087 composite?
False
Is 185443 a prime number?
False
Is 194697259 a prime number?
True
Is 6014809 a prime number?
False
Is 55137359 composite?
False
Is 7898827 a prime number?
False
Is 5794669 prime?
True
Is 123247057 prime?
True
Is 12412751 a composite number?
True
Is 17252281 prime?
False
Is 148661009 a prime number?
False
Is 19214155 a composite number?
True
Is 226521259 a prime number?
False
Is 13092281 prime?
False
Is 1043279 composite?
False
Is 229136773 a composite number?
True
Is 158563 prime?
True
Is 8417989 a composite number?
True
Is 107760082 prime?
False
Is 4618231 composite?
False
Is 88373 composite?
True
Is 71012003 a composite number?
True
Is 3150047 a prime number?
True
Is 6321659 prime?
False
Is 8824631 a prime number?
False
Is 708803 composite?
False
Is 63589359 a composite number?
True
Is 189752621 prime?
True
Is 3552997 prime?
False
Is 2251367 composite?
True
Is 541947629 a composite number?
False
Is 42231713 composite?
False
Is 239651 prime?
False
Is 116675623 composite?
False
Is 7654631 a prime number?
False
Is 88631 a prime number?
False
Is 175737 prime?
False
Is 46869665 composite?
True
Is 322121 a prime number?
False
Is 27879343 composite?
False
Is 79038803 composite?
True
Is 43103607 a prime number?
False
Is 337084714 a prime number?
False
Is 5237417 prime?
True
Is 7145557 composite?
False
Is 36124129 a composite number?
False
Is 3729311 a prime number?
True
Is 85111 a prime number?
False
Is 15990985 prime?
False
Is 21994561 a composite number?
False
Is 22563439 composite?
True
Is 13041071 prime?
True
Is 20510491 a prime number?
False
Is 13800385 prime?
False
Is 1046627 prime?
True
Is 13679167 prime?
False
Is 6215161 prime?
False
Is 6784847 composite?
True
Is 91350431 a composite number?
False
Is 15000983 composite?
True
Is 35997889 prime?
True
Is 15812723 a composite number?
False
Is 170265243 prime?
False
Is 53479 a prime number?
True
Is 185557991 a composite number?
False
Is 22614689 prime?
False
Is 87204427 composite?
False
Is 96654337 a composite number?
True
Is 15260933 composite?
True
Is 3096547 composite?
False
Is 34479877 a prime number?
True
Is 28695523 prime?
False
Is 25088449 a prime number?
True
Is 25591231 composite?
False
Is 625940513 a prime number?
False
Is 3919289 prime?
False
Is 24611003 prime?
False
Is 791813 prime?
False
Is 19676683 prime?
False
Is 49401857 prime?
False
Is 49744867 a prime number?
True
Is 3886949 a prime number?
False
Is 5470523 composite?
True
Is 58657637 composite?
False
Is 73000999 a prime number?
True
Is 308046187 composite?
False
Is 964707 a prime number?
False
Is 130231502 a composite number?
True
Is 15245963 composite?
False
Is 53914739 a prime number?
True
Is 23710559 a composite number?
True
Is 113074861 prime?
True
Is 46774177 composite?
False
Is 1552009 composite?
True
Is 604621 a prime number?
False
Is 67233869 prime?
True
Is 41940181 composite?
True
Is 97367 a prime number?
True
Is 11361769 a prime number?
False
Is 14227987 a composite number?
True
Is 4823749 prime?
False
Is 122543279 prime?
False
Is 1297313 a prime number?
True
Is 168648023 a prime number?
False
Is 2916939 a composite number?
True
Is 347130719 composite?
True
Is 77800031 prime?
False
Is 66225473 prime?
False
Is 4438117 prime?
True
Is 1642973 prime?
False
Is 337338527 composite?
True
Is 66779929 prime?
False
Is 205132622 a composite number?
True
Is 5495473 a composite number?
False
Is 59931717 a composite number?
True
Is 7089637 a composite number?
False
Is 91090067 prime?
False
Is 3631703 a composite number?
False
Is 58547614 prime?
False
Is 545346539 composite?
False
Is 55646303 a composite number?
True
Is 12086297 a composite number?
True
Is 19283279 prime?
True
Is 12869299 composite?
False
Is 62414887 a prime number?
False
Is 748854985 a prime number?
False
Is 246889 a composite number?
False
Is 3625341 composite?
True
Is 1313089 a prime number?
False
Is 43331 composite?
False
Is 1765079 prime?
True
Is 7147787 a composite number?
False
Is 3047549 prime?
True
Is 16997237 a prime number?
False
Is 163975549 a prime number?
True
Is 15420443 a prime number?
True
Is 41290967 a prime number?
False
Is 12570619 composite?
False
Is 2676979 a prime number?
False
Is 481525831 a prime number?
False
Is 2635429 prime?
True
Is 1640647 a prime number?
False
Is 893777 a composite number?
False
Is 5328487 a prime number?
True
Is 75117817 prime?
False
Is 10161003 prime?
False
Is 3157043 a composite number?
True
Is 75841 composite?
True
Is 4046057 a prime number?
True
Is 3057931 a prime number?
True
Is 193571089 prime?
True
Is 35176105 prime?
False
Is 3110717 prime?
True
Is 229744006 prime?
False
Is 21441649 composite?
True
Is 41316371 a composite number?
False
Is 27457721 composite?
True
Is 32418703 a prime number?
True
Is 6623861 a composite number?
True
Is 11096401 composite?
False
Is 85547591 prime?
True
Is 2990231 a composite number?
False
Is 781931441 a prime number?
False
Is 182309507 a composite number?
False
Is 131598253 prime?
False
Is 1804741 prime?
False
Is 253964447 prime?
False
Is 72393197 prime?
True
Is 1818391 a prime number?
False
Is 2409159 composite?
True
Is 537254369 composite?
False
Is 170135543 a composite number?
False
Is 136730851 a prime number?
True
Is 8236399 a composite number?
False
Is 4047929 a composite number?
False
Is 3245633 a composite number?
True
Is 7575331 a composite number?
True
Is 943589 a composite number?
False
Is 22475018 a composite number?
True
Is 3229099 a prime number?
False
Is 30346231 a prime number?
False
Is 4541765 a prime number?
False
Is 618083 prime?
True
Is 8390089 a composite number?
False
Is 130485655 composite?
True
Is 6723953 a composite number?
True
Is 12059147 a prime number?
False
Is 115231835 a prime number?
False
Is 1672889 composite?
False
Is 2207213 prime?
True
Is 34119347 prime?
True
Is 12309677 prime?
False
Is 506576417 composite?
True
Is 13096869 a prime number?
False
Is 12402187 composite?
True
Is 477013942 prime?
False
Is 346839823 prime?
False
Is 42667959 prime?
False
Is 755169067 a composite number?
False
Is 9283907 composite?
False
Is 1135881337 composite?
False
Is 247335937 prime?
True
Is 18897161 composite?
False
Is 1495261 a composite number?
False
Is 3531889 a prime number?
False
Is 4060229 prime?
False
Is 100562027 composite?
False
Is 27098057 composite?
True
Is 380312155 composite?
True
Is 892367 a prime number?
False
Is 215163471 prime?
False
Is 292625963 prime?
False
Is 5774939 a composite number?
False
Is 3342565 a composite number?
True
Is 1081542989 composite?
True
Is 1551565 a prime number?
False
Is 1938401 composite?
True
Is 16535501 a prime number?
True
Is 331951637 a composite number?
False
Is 4085341 composite?
True
Is 3272029 a prime number?
True
Is 46055641 a prime number?
False
Is 7724029 composite?
True
Is 90221447 composite?
False
Is 2158853 a prime number?
False
Is 930343901 a prime number?
False
Is 2268941 a prime number?
True
Is 306269209 prime?
True
Is 35160277 a prime number?
False
Is 23842657 a composite number?
True
Is 2019251 a composite number?
True
Is 19290871 a composite number?
True
Is 76717001 a composite number?
False
Is 639811 composite?
True
Is 333409 a prime number?
False
Is 18736153 composite?
False
Is 124922989 prime?
False
Is 2622593 prime?
True
Is 150031 a prime number?
False
Is 10491037 prime?
True
Is 953589173 a prime number?
True
Is 75250879 prime?
False
Is 157237561 a prime number?
False
Is 1538123 a prime number?
False
Is 15271717 composite?
False
Is 20529479 a composite number?
True
Is 267125531 a composite number?
False
Is 30804229 prime?
False
Is 34527169 a prime number?
False
Is 11177879 a prime number?
True
Is 34828061 a prime number?
True
Is 1782613 composite?
True
Is 42940246 prime?
False
Is 4563983 prime?
True
Is 68250067 a composite number?
True
Is 159250501 composite?
False
Is 469789 a composite number?
True
Is 49460353 a prime number?
True
Is 15574057 a prime number?
False
Is 327757 a composite number?
False
Is 241780507 a prime number?
